14?
94c21
11111101011011100001 (base 2) to base 13
2a463c
What is -1000010111100001011101 (base 2) in base 3?
-11010102220210
Convert 1110011011111001 (base 2) to base 16.
e6f9
-375185 (base 10) to base 16
-5b991
Convert -110011111011010101110 (base 2) to base 5.
-413422200
What is 3332332032 (base 5) in base 13?
168b6c0
What is 87a322 (base 14) in base 2?
10001100010111100001010
1120200110122 (base 3) to base 14
17c269
What is -167430 (base 12) in base 13?
-10689c
Convert -10112012122201 (base 3) to base 9.
-3465581
Convert 67877a (base 13) to base 9.
4538023
What is 13095c (base 13) in base 7?
3616644
Convert 1211001 (base 5) to base 6.
252430
What is -56469 (base 14) in base 10?
-209421
-26642177 (base 9) to base 8
-62071533
-220a14 (base 16) to base 4
-20200220110
11111010111011100 (base 2) to base 15
28101
What is -11111110011111101101 (base 2) in base 15?
-158ce3
19a3415 (base 12) to base 3
101020022100222
What is 431694 (base 13) in base 3?
2221222101020
Convert -1321103332 (base 4) to base 14.
-cd126
Convert 10001212222012 (base 3) to base 16.
18e4f8
Convert 13551253 (base 6) to base 3.
212122122220
What is -32421221 (base 5) in base 10?
-279561
97537 (base 13) to base 14
7186b
What is 123313401 (base 5) in base 8?
2234102
Convert 114123 (base 8) to base 16.
9853
3130000130 (base 4) to base 13
257231
-11111000011101111001 (base 2) to base 14
-1c6c65
Convert -1199 (base 12) to base 5.
-30424
Convert -2164353 (base 7) to base 11.
-173449
What is 3006055 (base 7) in base 6?
11335421
Convert -574080 (base 9) to base 8.
-1240140
What is 26228 (base 14) in base 7?
540151
Convert -84771 (base 10) to base 2.
-10100101100100011
What is -6b061 (base 12) in base 14?
-3a41b
What is -23656066 (base 8) in base 16?
-4f5c36
1320132200 (base 4) to base 13
1437c5
4104771 (base 11) to base 16
6eae28
Convert -24515 (base 9) to base 15.
-4d22
11110111000101101 (base 2) to base 10
126509
-6f62 (base 16) to base 9
-43102
Convert 1b64317 (base 13) to base 10.
9091713
-12003311 (base 4) to base 10
-24821
-222250166 (base 7) to base 4
-303111210212
Convert 96160 (base 13) to base 15.
5521d
2105242 (base 6) to base 7
604103
What is -100002221212012 (base 3) in base 14?
-9003d0
What is 60387 (base 13) in base 4?
221333100
df329 (base 16) to base 13
260175
Convert -218442 (base 14) to base 13.
-30a5c8
Convert -eba2 (base 16) to base 12.
-2aaaa
What is 10330022 (base 5) in base 2?
10101110100101011
What is -60347743 (base 8) in base 6?
-1132124003
-744775 (base 9) to base 5
-103140023
Convert 52524151 (base 7) to base 3.
22100202001221
-10042501 (base 6) to base 11
-185748
3842b0 (base 12) to base 7
10550250
Convert 1122102222021 (base 3) to base 2.
11010101100100011100
2230120233 (base 4) to base 3
1022212120200
-10100100201 (base 3) to base 6
-1224544
What is -a9884 (base 15) in base 13?
-15b18b
What is 2275c0 (base 16) in base 2?
1000100111010111000000
Convert -11100100110110110110 (base 2) to base 10.
-937398
Convert 101c9f (base 16) to base 10.
1055903
Convert -6b26e8 (base 16) to base 8.
-32623350
-6bc6 (base 13) to base 8
-35543
Convert 6511270 (base 8) to base 2.
110101001001010111000
70048 (base 10) to base 6
1300144
What is 1508765 (base 9) in base 16?
cb678
-20011021200 (base 3) to base 5
-12334341
What is 21211120102 (base 3) in base 2?
100101101001111011
-1132302230 (base 4) to base 8
-1366254
Convert -120520503 (base 6) to base 16.
-22ceb7
-2188422 (base 10) to base 3
-11010011221200
What is 102020022020 (base 3) in base 16?
35fb5
What is 230325550 (base 6) in base 10?
4226250
Convert -12300123103 (base 4) to base 9.
-3288581
What is 1a0a8a (base 12) in base 15?
9095d
Convert -14709900 (base 10) to base 7.
-236014002
-25014250 (base 7) to base 9
-4182581
Convert -254616 (base 9) to base 12.
-75380
What is 1010101010011011100 (base 2) in base 9?
582256
1003312101 (base 4) to base 16
43d91
-11010001112121 (base 3) to base 7
-24402664
Convert -4400130 (base 5) to base 13.
-28204
Convert 6a20272 (base 11) to base 8.
56633647
What is -16433310 (base 7) in base 5?
-402330201
What is 99696 (base 11) in base 2?
100011010011000011
-42447 (base 11) to base 12
-2b8a9
-130223310 (base 4) to base 9
-188146
2577413 (base 13) to base 14
17b34d3
Convert 147463 (base 16) to base 11.
836170
-1737527 (base 9) to base 12
-3a9414
5296 (base 10) to base 13
2545
Convert -18757810 (base 9) to base 2.
-100100001100000001000101
Convert 1021132301 (base 5) to base 14.
3d6502
1267323 (base 10) to base 9
2341386
-100111000000011 (base 2) to base 14
-73c7
Convert 31022213 (base 4) to base 2.
1101001010100111
-38479 (base 15) to base 9
-303676
What is 313972 (base 10) in base 14?
825c8
What is -321320110 (base 4) in base 14?
-62580
Convert -80242 (base 9) to base 11.
-36649
What is 54285b (base 15) in base 9?
7477855
Convert 1111010001001111100 (base 2) to base 4.
1322021330
96a583 (base 11) to base 6
53125555
Convert -778640 (base 12) to base 16.
-1d0490
What is 11100000111000100011 (base 2) in base 5?
213433443
What is -2455126 (base 9) in base 11?
-832532
What is 574a22 (base 11) in base 8?
3371574
Convert -11220110212 (base 4) to base 6.
-51344434
Convert 100010011110011001100011 (base 2) to base 16.
89e663
-10000011110101001 (base 2) to base 4
-100132221
Convert 10110110010001110100 (base 2) to base 4.
2312101310
Convert -12200210112 (base 3) to base 2.
-11011010111110110
-390887 (base 11) to base 4
-2112120301
Convert 202120013 (base 4) to base 8.
423007
What is -13112222030 (base 4) in base 11?
-10a7444
Convert 1297417 (base 11) to base 9.
4176162
Convert -10000100110000110 (base 2) to base 3.
-10110020120
What is -3403a3 (base 13) in base 11?
-76a208
Convert 12303132200 (base 4) to base 3.
10100121210102
-101210122002001 (base 3) to base 14
-a95ca5
-248868 (base 10) to base 6
-5200100
Convert 164803 (base 10) to base 2.
101000001111000011
What is -b8108 (base 12) in base 7?
-2025515
2404150 (base 6) to base 15
27216
-122132101 (base 4) to base 9
-174661
Convert -46a12 (base 15) to base 13.
-7b560
Convert 6625106 (base 7) to base 11.
506061
Convert 3313413 (base 5) to base 14.
16c90
What is -10504232 (base 7) in base 14?
-199419
What is -379974 (base 11) in base 5?
-123130124
Convert 61335a (base 11) to base 7.
11242536
44060452 (base 8) to base 9
18721447
-1001100010010100 (base 2) to base 4
-21202110
-167c2 (base 13) to base 14
-119b6
6916c (base 15) to base 12
141670
What is 2440512 (base 9) in base 6?
44225402
Convert -135303041 (base 6) to base 13.
-762b29
Convert -d4d2e (base 15) to base 16.
-a4b22
What is 2808558 (base 9) in base 16?
1785bc
Convert 11021122011 (base 3) to base 13.
2c4a6
Convert 12130122 (base 5) to base 3.
12210221111
Convert -23a7ab (base 16) to base 8.
-10723653
What is -110302302132 (base 4) in base 6?
-312455410
Convert -1409a (base 11) to base 13.
-91a2
-76628 (base 11) to base 9
-178517
31101333021 (base 4) to base 7
41410164
2336022 (base 7) to base 11
1916a9
Convert -e9c661 (base 15) to base 2.
-101010011100111111110000
Convert 52336 (base 11) to base 12.
38179
Convert 202551 (base 8) to base 11.
46308
12c3c (base 16) to base 12
38590
What is -212220111112011 (base 3) in base 6?
-1132153134
Convert -130024 (base 9) to base 12.
-396aa
Convert -20038b (base 12) to base 14.
-cd7bd
199f16 (base 16) to base 8
6317426
-233231100 (base 4) to base 13
-6ac35
Convert -1037612 (base 8) to base 9.
-463814
3b46a (base 13) to base 5
12014424
-108038 (base 9) to base 2
-1111110110010100
Convert -10100231020 (base 4) to base 15.
-170e6a
What is -23130223 (base 7) in base 16?
-1ee2de
-2a6094 (base 13) to base 11
-651548
-207153 (base 10) to base 16
-32931
12ac63 (base 14) to base 9
1182120
What is -2350c (base 15) in base 4?
-123132000
What is -57984 (base 16) in base 5?
-42440123
-43023032 (base 5) to base 7
-3032346
102011201220 (base 3) to base 6
4414210
Convert -2356d (base 14) to base 10.
-86141
What is -22401022 (base 6) in base 8?
-2470746
278679 (base 11) to base 8
1523521
Convert 31029 (base 13) to base 15.
1b0b0
Convert -105015051 (base 6) to base 14.
-37bdd5
What is -6324 (base 9) in base 4?
-1020133
Convert -286aa67 (base 12) to base 13.
-18aa671
Convert a81397 (base 11) to base 14.
330394
Convert -248d2 (base 15) to base 6.
-2300255
Convert 1